mainder when 5035 is divided by 69?
67
Calculate the remainder when 567 is divided by 14.
7
Calculate the remainder when 61 is divided by 28.
5
Calculate the remainder when 7195 is divided by 300.
295
What is the remainder when 6591 is divided by 1096?
15
What is the remainder when 445 is divided by 116?
97
Calculate the remainder when 25 is divided by 15.
10
What is the remainder when 887 is divided by 74?
73
What is the remainder when 743 is divided by 50?
43
Calculate the remainder when 94 is divided by 56.
38
What is the remainder when 5517 is divided by 6?
3
Calculate the remainder when 411 is divided by 6.
3
Calculate the remainder when 1473 is divided by 82.
79
What is the remainder when 67 is divided by 54?
13
Calculate the remainder when 573 is divided by 74.
55
Calculate the remainder when 790 is divided by 7.
6
What is the remainder when 68 is divided by 2?
0
Calculate the remainder when 2644 is divided by 54.
52
Calculate the remainder when 447 is divided by 108.
15
What is the remainder when 789 is divided by 50?
39
What is the remainder when 419 is divided by 10?
9
What is the remainder when 14086 is divided by 24?
22
Calculate the remainder when 893 is divided by 23.
19
Calculate the remainder when 1509 is divided by 376.
5
Calculate the remainder when 90 is divided by 46.
44
Calculate the remainder when 15608 is divided by 233.
230
Calculate the remainder when 616 is divided by 5.
1
What is the remainder when 381 is divided by 24?
21
Calculate the remainder when 1995 is divided by 27.
24
Calculate the remainder when 2141 is divided by 13.
9
Calculate the remainder when 557 is divided by 557.
0
What is the remainder when 198 is divided by 100?
98
What is the remainder when 33 is divided by 7?
5
Calculate the remainder when 512 is divided by 61.
24
Calculate the remainder when 657 is divided by 30.
27
What is the remainder when 9659 is divided by 30?
29
Calculate the remainder when 1072 is divided by 183.
157
Calculate the remainder when 953 is divided by 191.
189
What is the remainder when 799 is divided by 50?
49
Calculate the remainder when 56 is divided by 3.
2
What is the remainder when 229 is divided by 8?
5
Calculate the remainder when 3955 is divided by 44.
39
Calculate the remainder when 86 is divided by 45.
41
What is the remainder when 797 is divided by 50?
47
Calculate the remainder when 299 is divided by 19.
14
What is the remainder when 1044 is divided by 207?
9
What is the remainder when 115 is divided by 26?
11
What is the remainder when 136 is divided by 129?
7
Calculate the remainder when 111 is divided by 23.
19
Calculate the remainder when 335 is divided by 18.
11
Calculate the remainder when 53 is divided by 15.
8
Calculate the remainder when 68 is divided by 28.
12
Calculate the remainder when 47 is divided by 13.
8
What is the remainder when 138 is divided by 3?
0
Calculate the remainder when 517 is divided by 115.
57
What is the remainder when 1162 is divided by 12?
10
Calculate the remainder when 2811 is divided by 281.
1
Calculate the remainder when 1398 is divided by 197.
19
What is the remainder when 1513 is divided by 20?
13
What is the remainder when 1999 is divided by 26?
23
Calculate the remainder when 24499 is divided by 28.
27
What is the remainder when 130 is divided by 8?
2
What is the remainder when 2694 is divided by 30?
24
Calculate the remainder when 43 is divided by 22.
21
Calculate the remainder when 3339 is divided by 10.
9
Calculate the remainder when 972 is divided by 61.
57
What is the remainder when 537 is divided by 22?
9
What is the remainder when 4044 is divided by 225?
219
Calculate the remainder when 788 is divided by 40.
28
Calculate the remainder when 1595 is divided by 122.
9
What is the remainder when 7989 is divided by 5?
4
Calculate the remainder when 490 is divided by 12.
10
Calculate the remainder when 844 is divided by 310.
224
Calculate the remainder when 8181 is divided by 167.
165
What is the remainder when 3877 is divided by 7?
6
Calculate the remainder when 8873 is divided by 25.
23
What is the remainder when 4262 is divided by 8?
6
What is the remainder when 6295 is divided by 197?
188
What is the remainder when 2247 is divided by 376?
367
Calculate the remainder when 82 is divided by 22.
16
Calculate the remainder when 1168 is divided by 423.
322
Calculate the remainder when 227 is divided by 77.
73
Calculate the remainder when 3084 is divided by 5.
4
Calculate the remainder when 489 is divided by 159.
12
Calculate the remainder when 30 is divided by 9.
3
Calculate the remainder when 106 is divided by 48.
10
What is the remainder when 407 is divided by 18?
11
Calculate the remainder when 58 is divided by 39.
19
Calculate the remainder when 1150 is divided by 382.
4
What is the remainder when 149 is divided by 52?
45
What is the remainder when 2293 is divided by 17?
15
What is the remainder when 24850 is divided by 114?
112
What is the remainder when 58144 is divided by 33?
31
What is the remainder when 156 is divided by 79?
77
What is the remainder when 212 is divided by 32?
20
What is the remainder when 1344 is divided by 72?
48
Calculate the remainder when 2015 is divided by 84.
83
What is the remainder when 6102 is divided by 1220?
2
Calculate the remainder when 148 is divided by 5.
3
Calculate the remainder when 7495 is divided by 9.
7
Calculate the remainder when 449 is divided by 9.
8
Calculate the remainder when 231 is divided by 80.
71
Calculate the remainder when 1592 is divided by 11.
8
Calculate the remainder when 619 is divided by 204.
7
What is the remainder when 41964 is divided by 16?
12
What is the remainder when 472 is divided by 19?
16
Calculate the remainder when 200 is divided by 17.
13
What is the remainder when 25 is divided by 13?
12
What is the remainder when 428 is divided by 13?
12
Calculate the remainder when 417 is divided by 49.
25
Calculate the remainder when 585 is divided by 84.
81
What is the remainder when 81 is divided by 35?
11
What is the remainder when 3904 is divided by 126?
124
What is the remainder when 4100 is divided by 27?
23
Calculate the remainder when 11101 is divided by 278.
259
Calculate the remainder when 204 is divided by 98.
8
Calculate the remainder when 239 is divided by 80.
79
What is the remainder when 49 is divided by 10?
9
What is the remainder when 367 is divided by 36?
7
Calculate the remainder when 309 is divided by 24.
21
Calculate the remainder when 271 is divided by 68.
67
Calculate the remainder when 231 is divided by 137.
94
What is the remainder when 1042 is divided by 7?
6
Calculate the remainder when 248 is divided by 47.
13
Calculate the remainder when 506 is divided by 19.
12
What is the remainder when 638 is divided by 28?
22
Calculate the remainder when 3942 is divided by 4.
2
What is the remainder when 197 is divided by 14?
1
Calculate the remainder when 489 is divided by 71.
63
Calculate the remainder when 156 is divided by 16.
12
Calculate the remainder when 592 is divided by 301.
291
What is the remainder when 859 is divided by 7?
5
What is the remainder when 107 is divided by 14?
9
Calculate the remainder when 839 is divided by 244.
107
What is the remainder when 15 is divided by 13?
2
Calculate the remainder when 3922 is divided by 164.
150
What is the remainder when 277 is divided by 20?
17
What is the remainder when 396 is divided by 293?
103
What is the remainder when 605 is divided by 6?
5
Calculate the remainder when 52 is divided by 19.
14
Calculate the remainder when 1678 is divided by 41.
38
Calculate the remainder when 126 is divided by 11.
5
What is the remainder when 284 is divided by 58?
52
Calculate the remainder when 30 is divided by 9.
3
What is the remainder when 94 is divided by 44?
6
Calculate the remainder when 158 is divided by 62.
34
Calculate the remainder when 2461 is divided by 48.
13
Calculate the remainder when 806 is divided by 97.
30
What is the remainder when 12648 is divided by 46?
44
What is the remainder when 1099 is divided by 64?
11
What is the remainder when 403 is divided by 58?
55
Calculate the remainder when 361 is divided by 155.
51
What is the remainder when 563 is divided by 94?
93
What is the remainder when 1918 is divided by 32?
30
What i